{"id":193,"date":"2019-04-10T08:12:41","date_gmt":"2019-04-10T06:12:41","guid":{"rendered":"https:\/\/abendrealschule-augsburg.de\/?page_id=193"},"modified":"2021-03-19T19:27:02","modified_gmt":"2021-03-19T18:27:02","slug":"aktivitaeten","status":"publish","type":"page","link":"https:\/\/abendrealschule-augsburg.de\/?page_id=193","title":{"rendered":"Aktivit\u00e4ten"},"content":{"rendered":"<p>[et_pb_section fb_built=&#8220;1&#8243; fullwidth=&#8220;on&#8220; _builder_version=&#8220;3.22.3&#8243;][et_pb_fullwidth_image src=&#8220;https:\/\/abendrealschule-augsburg.de\/wp-content\/uploads\/2019\/04\/Schule-5-1-1.jpg&#8220; _builder_version=&#8220;3.21.4&#8243; z_index_tablet=&#8220;500&#8243;][\/et_pb_fullwidth_image][\/et_pb_section][et_pb_section fb_built=&#8220;1&#8243; _builder_version=&#8220;3.22.3&#8243;][et_pb_row _builder_version=&#8220;3.25&#8243; background_size=&#8220;initial&#8220; background_position=&#8220;top_left&#8220; background_repeat=&#8220;repeat&#8220;][et_pb_column type=&#8220;4_4&#8243; _builder_version=&#8220;3.25&#8243; custom_padding__hover=&#8220;|||&#8220;][et_pb_text _builder_version=&#8220;3.25.3&#8243; z_index_tablet=&#8220;500&#8243;]<\/p>\n<h3><strong>Weihnachtsfeier\u00a0<\/strong><\/h3>\n<p>[\/et_pb_text][et_pb_text _builder_version=&#8220;3.21.4&#8243; z_index_tablet=&#8220;500&#8243;]<\/p>\n<p>Am letzten Schulabend vor den Weihnachtsferien trifft sich die Schulgemeinschaft zu einem gem\u00fctlichen Beisammensein in der Schulaula.<\/p>\n<p>[\/et_pb_text][et_pb_gallery gallery_ids=&#8220;101,95,94,100,96&#8243; gallery_orderby=&#8220;rand&#8220; show_title_and_caption=&#8220;off&#8220; _builder_version=&#8220;3.21.4&#8243; z_index_tablet=&#8220;500&#8243;][\/et_pb_gallery][\/et_pb_column][\/et_pb_row][et_pb_row _builder_version=&#8220;3.25&#8243; background_size=&#8220;initial&#8220; background_position=&#8220;top_left&#8220; background_repeat=&#8220;repeat&#8220;][et_pb_column type=&#8220;4_4&#8243; _builder_version=&#8220;3.25&#8243; custom_padding__hover=&#8220;|||&#8220;][et_pb_text _builder_version=&#8220;3.25.3&#8243; z_index_tablet=&#8220;500&#8243;]<\/p>\n<h3><strong>Ausflug zum Bundestag in Berlin<\/strong><\/h3>\n<p>[\/et_pb_text][et_pb_text _builder_version=&#8220;3.21.4&#8243; z_index_tablet=&#8220;500&#8243;]<\/p>\n<p>Alle zwei Jahre &#8211; das n\u00e4chste mal im Jahr 2020 &#8211; f\u00e4hrt die Abendrealschule f\u00fcr vier Tage in die deutsche Hauptstadt Berlin. Da wir in der Regel von einem Bundestagsabgeordneten eingeladen werden, erhalten wir Zusch\u00fcsse, damit die Reise f\u00fcr die Teilnehmer\u00a0 erschwinglich bleibt. So billig kommt man selten nach Berlin.<\/p>\n<p><strong>Programm:<\/strong><\/p>\n<ul>\n<li>Stadtbesichtigung<\/li>\n<li>Schifffahrt auf der Spree<\/li>\n<li>Bundestagsbesuch mit Kuppel<\/li>\n<li>Auf den Spuren der Geschichte Berlins: Mauermuseum, Checkpoint Charlie, DDR-Museum, Gedenkst\u00e4tte Hohensch\u00f6nhausen<\/li>\n<\/ul>\n<p>&nbsp;<\/p>\n<p>[\/et_pb_text][et_pb_gallery gallery_ids=&#8220;75,71,72,73,74,194&#8243; gallery_orderby=&#8220;rand&#8220; show_title_and_caption=&#8220;off&#8220; _builder_version=&#8220;3.21.4&#8243; z_index_tablet=&#8220;500&#8243;][\/et_pb_gallery][\/et_pb_column][\/et_pb_row][et_pb_row _builder_version=&#8220;3.25&#8243; background_size=&#8220;initial&#8220; background_position=&#8220;top_left&#8220; background_repeat=&#8220;repeat&#8220;][et_pb_column type=&#8220;4_4&#8243; _builder_version=&#8220;3.25&#8243; custom_padding__hover=&#8220;|||&#8220;][et_pb_text _builder_version=&#8220;3.25.3&#8243; z_index_tablet=&#8220;500&#8243;]<\/p>\n<h3><strong>Sommerfest\u00a0<\/strong><\/h3>\n<p>[\/et_pb_text][et_pb_text _builder_version=&#8220;3.21.4&#8243; z_index_tablet=&#8220;500&#8243;]<\/p>\n<p>Am letzten Schultag vor den Sommerferien erhalten die Abschlussklassen und auch alle anderen Sch\u00fcler ihre Zeugnisse ausgeh\u00e4ndigt. Gemeinsam lassen wir danach das Schuljahr bei einem gem\u00fctlichen Beisammensein ausklingen.<\/p>\n<p>[\/et_pb_text][et_pb_gallery gallery_ids=&#8220;79,78,81,82&#8243; show_title_and_caption=&#8220;off&#8220; _builder_version=&#8220;3.21.4&#8243; z_index_tablet=&#8220;500&#8243;][\/et_pb_gallery][\/et_pb_column][\/et_pb_row][et_pb_row _builder_version=&#8220;3.25&#8243; background_size=&#8220;initial&#8220; background_position=&#8220;top_left&#8220; background_repeat=&#8220;repeat&#8220;][et_pb_column type=&#8220;4_4&#8243; _builder_version=&#8220;3.25&#8243; custom_padding__hover=&#8220;|||&#8220;][et_pb_text _builder_version=&#8220;3.25.3&#8243; z_index_tablet=&#8220;500&#8243;]<\/p>\n<h3><strong>Internationale Klasse besucht die Stadtb\u00fccherei Augsburg<\/strong><\/h3>\n<p>Im ersten Schulhalbjahr besucht unsere internationale Klasse die Stadtb\u00fccherei Augsburg. Nachdem sich die Sch\u00fcler von dem reichhaltigen Angebot an unterschiedlichsten B\u00fcchern \u00fcberzeugt haben, besteht f\u00fcr die ganze Klasse die M\u00f6glichkeit, einen Benutzer-Ausweis auszustellen.<\/p>\n<p>Interessant f\u00fcr unsere Sch\u00fcler ist auch die M\u00f6glichkeit, die Ruher\u00e4ume und die PC-Ausstattung der Bibliothek au\u00dferhalb der Unterrichtszeiten nutzen zu k\u00f6nnen.<\/p>\n<p>[\/et_pb_text][et_pb_gallery gallery_ids=&#8220;345&#8243; show_title_and_caption=&#8220;off&#8220; _builder_version=&#8220;3.25.3&#8243; z_index_tablet=&#8220;500&#8243;][\/et_pb_gallery][\/et_pb_column][\/et_pb_row][\/et_pb_section]<\/p>\n","protected":false},"excerpt":{"rendered":"<p>Weihnachtsfeier\u00a0Am letzten Schulabend vor den Weihnachtsferien trifft sich die Schulgemeinschaft zu einem gem\u00fctlichen Beisammensein in der Schulaula. Ausflug zum Bundestag in BerlinAlle zwei Jahre &#8211; das n\u00e4chste mal im Jahr 2020 &#8211; f\u00e4hrt die Abendrealschule f\u00fcr vier Tage in die deutsche Hauptstadt Berlin. Da wir in der Regel von einem Bundestagsabgeordneten eingeladen werden, erhalten wir [&hellip;]<\/p>\n","protected":false},"author":1,"featured_media":0,"parent":0,"menu_order":0,"comment_status":"closed","ping_status":"closed","template":"","meta":{"_et_pb_use_builder":"on","_et_pb_old_content":"","_et_gb_content_width":"","footnotes":""},"class_list":["post-193","page","type-page","status-publish","hentry"],"_links":{"self":[{"href":"https:\/\/abendrealschule-augsburg.de\/index.php?rest_route=\/wp\/v2\/pages\/193"}],"collection":[{"href":"https:\/\/abendrealschule-augsburg.de\/index.php?rest_route=\/wp\/v2\/pages"}],"about":[{"href":"https:\/\/abendrealschule-augsburg.de\/index.php?rest_route=\/wp\/v2\/types\/page"}],"author":[{"embeddable":true,"href":"https:\/\/abendrealschule-augsburg.de\/index.php?rest_route=\/wp\/v2\/users\/1"}],"replies":[{"embeddable":true,"href":"https:\/\/abendrealschule-augsburg.de\/index.php?rest_route=%2Fwp%2Fv2%2Fcomments&post=193"}],"version-history":[{"count":8,"href":"https:\/\/abendrealschule-augsburg.de\/index.php?rest_route=\/wp\/v2\/pages\/193\/revisions"}],"predecessor-version":[{"id":531,"href":"https:\/\/abendrealschule-augsburg.de\/index.php?rest_route=\/wp\/v2\/pages\/193\/revisions\/531"}],"wp:attachment":[{"href":"https:\/\/abendrealschule-augsburg.de\/index.php?rest_route=%2Fwp%2Fv2%2Fmedia&parent=193"}],"curies":[{"name":"wp","href":"https:\/\/api.w.org\/{rel}","templated":true}]}}

Aktivitäten

<p>[et_pb_section fb_built=&#8220;1&#8243; fullwidth=&#8220;on&#8220; _builder_version=&#8220;3.22.3&#8243;][et_pb_fullwidth_image src=&#8220;https://abendrealschule-augsburg.de/wp-content/uploads/2019/04/Schule-5-1-1.jpg&#8220; _builder_version=&#8220;3.21.4&#8243; z_index_tablet=&#8220;500&#8243;][/et_pb_fullwidth_image][/et_pb_section][et_pb_section fb_built=&#8220;1&#8243; _builder_version=&#8220;3.22.3&#8243;][et_pb_row _builder_version=&#8220;3.25&#8243; background_size=&#8220;initial&#8220; background_position=&#8220;top_left&#8220; background_repeat=&#8220;repeat&#8220;][et_pb_column type=&#8220;4_4&#8243; _builder_version=&#8220;3.25&#8243; custom_padding__hover=&#8220;|||&#8220;][et_pb_text _builder_version=&#8220;3.25.3&#8243; z_index_tablet=&#8220;500&#8243;]</p>
<h3><strong>Weihnachtsfeier </strong></h3>
<p>[/et_pb_text][et_pb_text _builder_version=&#8220;3.21.4&#8243; z_index_tablet=&#8220;500&#8243;]</p>
<p>Am letzten Schulabend vor den Weihnachtsferien trifft sich die Schulgemeinschaft zu einem gemütlichen Beisammensein in der Schulaula.</p>
<p>[/et_pb_text][et_pb_gallery gallery_ids=&#8220;101,95,94,100,96&#8243; gallery_orderby=&#8220;rand&#8220; show_title_and_caption=&#8220;off&#8220; _builder_version=&#8220;3.21.4&#8243; z_index_tablet=&#8220;500&#8243;][/et_pb_gallery][/et_pb_column][/et_pb_row][et_pb_row _builder_version=&#8220;3.25&#8243; background_size=&#8220;initial&#8220; background_position=&#8220;top_left&#8220; background_repeat=&#8220;repeat&#8220;][et_pb_column type=&#8220;4_4&#8243; _builder_version=&#8220;3.25&#8243; custom_padding__hover=&#8220;|||&#8220;][et_pb_text _builder_version=&#8220;3.25.3&#8243; z_index_tablet=&#8220;500&#8243;]</p>
<h3><strong>Ausflug zum Bundestag in Berlin</strong></h3>
<p>[/et_pb_text][et_pb_text _builder_version=&#8220;3.21.4&#8243; z_index_tablet=&#8220;500&#8243;]</p>
<p>Alle zwei Jahre &#8211; das nächste mal im Jahr 2020 &#8211; fährt die Abendrealschule für vier Tage in die deutsche Hauptstadt Berlin. Da wir in der Regel von einem Bundestagsabgeordneten eingeladen werden, erhalten wir Zuschüsse, damit die Reise für die Teilnehmer  erschwinglich bleibt. So billig kommt man selten nach Berlin.</p>
<p><strong>Programm:</strong></p>
<ul>
<li>Stadtbesichtigung</li>
<li>Schifffahrt auf der Spree</li>
<li>Bundestagsbesuch mit Kuppel</li>
<li>Auf den Spuren der Geschichte Berlins: Mauermuseum, Checkpoint Charlie, DDR-Museum, Gedenkstätte Hohenschönhausen</li>
</ul>
<p>&nbsp;</p>
<p>[/et_pb_text][et_pb_gallery gallery_ids=&#8220;75,71,72,73,74,194&#8243; gallery_orderby=&#8220;rand&#8220; show_title_and_caption=&#8220;off&#8220; _builder_version=&#8220;3.21.4&#8243; z_index_tablet=&#8220;500&#8243;][/et_pb_gallery][/et_pb_column][/et_pb_row][et_pb_row _builder_version=&#8220;3.25&#8243; background_size=&#8220;initial&#8220; background_position=&#8220;top_left&#8220; background_repeat=&#8220;repeat&#8220;][et_pb_column type=&#8220;4_4&#8243; _builder_version=&#8220;3.25&#8243; custom_padding__hover=&#8220;|||&#8220;][et_pb_text _builder_version=&#8220;3.25.3&#8243; z_index_tablet=&#8220;500&#8243;]</p>
<h3><strong>Sommerfest </strong></h3>
<p>[/et_pb_text][et_pb_text _builder_version=&#8220;3.21.4&#8243; z_index_tablet=&#8220;500&#8243;]</p>
<p>Am letzten Schultag vor den Sommerferien erhalten die Abschlussklassen und auch alle anderen Schüler ihre Zeugnisse ausgehändigt. Gemeinsam lassen wir danach das Schuljahr bei einem gemütlichen Beisammensein ausklingen.</p>
<p>[/et_pb_text][et_pb_gallery gallery_ids=&#8220;79,78,81,82&#8243; show_title_and_caption=&#8220;off&#8220; _builder_version=&#8220;3.21.4&#8243; z_index_tablet=&#8220;500&#8243;][/et_pb_gallery][/et_pb_column][/et_pb_row][et_pb_row _builder_version=&#8220;3.25&#8243; background_size=&#8220;initial&#8220; background_position=&#8220;top_left&#8220; background_repeat=&#8220;repeat&#8220;][et_pb_column type=&#8220;4_4&#8243; _builder_version=&#8220;3.25&#8243; custom_padding__hover=&#8220;|||&#8220;][et_pb_text _builder_version=&#8220;3.25.3&#8243; z_index_tablet=&#8220;500&#8243;]</p>
<h3><strong>Internationale Klasse besucht die Stadtbücherei Augsburg</strong></h3>
<p>Im ersten Schulhalbjahr besucht unsere internationale Klasse die Stadtbücherei Augsburg. Nachdem sich die Schüler von dem reichhaltigen Angebot an unterschiedlichsten Büchern überzeugt haben, besteht für die ganze Klasse die Möglichkeit, einen Benutzer-Ausweis auszustellen.</p>
<p>Interessant für unsere Schüler ist auch die Möglichkeit, die Ruheräume und die PC-Ausstattung der Bibliothek außerhalb der Unterrichtszeiten nutzen zu können.</p>
<p>[/et_pb_text][et_pb_gallery gallery_ids=&#8220;345&#8243; show_title_and_caption=&#8220;off&#8220; _builder_version=&#8220;3.25.3&#8243; z_index_tablet=&#8220;500&#8243;][/et_pb_gallery][/et_pb_column][/et_pb_row][/et_pb_section]</p>

<p>Weihnachtsfeier Am letzten Schulabend vor den Weihnachtsferien trifft sich die Schulgemeinschaft zu einem gemütlichen Beisammensein in der Schulaula. Ausflug zum Bundestag in BerlinAlle zwei Jahre &#8211; das nächste mal im Jahr 2020 &#8211; fährt die Abendrealschule für vier Tage in die deutsche Hauptstadt Berlin. Da wir in der Regel von einem Bundestagsabgeordneten eingeladen werden, erhalten wir [&hellip;]</p>
