{"id":164,"date":"2019-04-09T20:32:52","date_gmt":"2019-04-09T18:32:52","guid":{"rendered":"https:\/\/abendrealschule-augsburg.de\/?page_id=164"},"modified":"2020-01-15T13:01:29","modified_gmt":"2020-01-15T12:01:29","slug":"sozialpaedagogische-betreuung","status":"publish","type":"page","link":"https:\/\/abendrealschule-augsburg.de\/?page_id=164","title":{"rendered":"Sozialp\u00e4dagogische Betreuung"},"content":{"rendered":"<p>[et_pb_section fb_built=&#8220;1&#8243; fullwidth=&#8220;on&#8220; _builder_version=&#8220;3.0.47&#8243;][et_pb_fullwidth_image src=&#8220;https:\/\/abendrealschule-augsburg.de\/wp-content\/uploads\/2019\/04\/Schule-5-1-1.jpg&#8220; _builder_version=&#8220;3.21.4&#8243; z_index_tablet=&#8220;500&#8243;][\/et_pb_fullwidth_image][\/et_pb_section][et_pb_section fb_built=&#8220;1&#8243; _builder_version=&#8220;3.0.47&#8243;][et_pb_row _builder_version=&#8220;3.0.48&#8243; background_size=&#8220;initial&#8220; background_position=&#8220;top_left&#8220; background_repeat=&#8220;repeat&#8220;][et_pb_column type=&#8220;1_2&#8243; _builder_version=&#8220;3.0.47&#8243;][et_pb_image src=&#8220;https:\/\/abendrealschule-augsburg.de\/wp-content\/uploads\/2019\/04\/IMG_20180607_145617-1.jpg&#8220; _builder_version=&#8220;3.21.4&#8243; z_index_tablet=&#8220;500&#8243;][\/et_pb_image][\/et_pb_column][et_pb_column type=&#8220;1_2&#8243; _builder_version=&#8220;3.0.47&#8243;][et_pb_text _builder_version=&#8220;3.21.4&#8243; z_index_tablet=&#8220;500&#8243;]<\/p>\n<h3>Sozialp\u00e4dagogische Betreuung<\/h3>\n<p>Zus\u00e4tzliche Ansprechpartnerin f\u00fcr Probleme im Schulalltag und f\u00fcr berufliche Fragen (Praktika, Bewerbungen, &#8230;)<\/p>\n<p>Frau Beisser steht an mehreren Tagen zur Beratung zur Verf\u00fcgung (individuelle Terminvereinbarung)<\/p>\n<p>&nbsp;<\/p>\n<p>[\/et_pb_text][\/et_pb_column][\/et_pb_row][\/et_pb_section]<\/p>\n","protected":false},"excerpt":{"rendered":"<p>Sozialp\u00e4dagogische Betreuung Zus\u00e4tzliche Ansprechpartnerin f\u00fcr Probleme im Schulalltag und f\u00fcr berufliche Fragen (Praktika, Bewerbungen, &#8230;) Frau Beisser steht an mehreren Tagen zur Beratung zur Verf\u00fcgung (individuelle Terminvereinbarung) &nbsp;<\/p>\n","protected":false},"author":1,"featured_media":0,"parent":0,"menu_order":0,"comment_status":"closed","ping_status":"closed","template":"","meta":{"_et_pb_use_builder":"on","_et_pb_old_content":"","_et_gb_content_width":"","footnotes":""},"class_list":["post-164","page","type-page","status-publish","hentry"],"_links":{"self":[{"href":"https:\/\/abendrealschule-augsburg.de\/index.php?rest_route=\/wp\/v2\/pages\/164"}],"collection":[{"href":"https:\/\/abendrealschule-augsburg.de\/index.php?rest_route=\/wp\/v2\/pages"}],"about":[{"href":"https:\/\/abendrealschule-augsburg.de\/index.php?rest_route=\/wp\/v2\/types\/page"}],"author":[{"embeddable":true,"href":"https:\/\/abendrealschule-augsburg.de\/index.php?rest_route=\/wp\/v2\/users\/1"}],"replies":[{"embeddable":true,"href":"https:\/\/abendrealschule-augsburg.de\/index.php?rest_route=%2Fwp%2Fv2%2Fcomments&post=164"}],"version-history":[{"count":2,"href":"https:\/\/abendrealschule-augsburg.de\/index.php?rest_route=\/wp\/v2\/pages\/164\/revisions"}],"predecessor-version":[{"id":381,"href":"https:\/\/abendrealschule-augsburg.de\/index.php?rest_route=\/wp\/v2\/pages\/164\/revisions\/381"}],"wp:attachment":[{"href":"https:\/\/abendrealschule-augsburg.de\/index.php?rest_route=%2Fwp%2Fv2%2Fmedia&parent=164"}],"curies":[{"name":"wp","href":"https:\/\/api.w.org\/{rel}","templated":true}]}}