{"id":150,"date":"2019-04-09T20:02:41","date_gmt":"2019-04-09T18:02:41","guid":{"rendered":"https:\/\/abendrealschule-augsburg.de\/?page_id=150"},"modified":"2019-04-09T20:02:41","modified_gmt":"2019-04-09T18:02:41","slug":"schuelererfahrungen","status":"publish","type":"page","link":"https:\/\/abendrealschule-augsburg.de\/?page_id=150","title":{"rendered":"Sch\u00fclererfahrungen"},"content":{"rendered":"<p>[et_pb_section bb_built=&#8220;1&#8243; fullwidth=&#8220;on&#8220; specialty=&#8220;off&#8220; next_background_color=&#8220;#000000&#8243;][et_pb_fullwidth_image _builder_version=&#8220;3.21.4&#8243; src=&#8220;https:\/\/abendrealschule-augsburg.de\/wp-content\/uploads\/2019\/04\/Schule-5-1-1.jpg&#8220; z_index_tablet=&#8220;500&#8243; \/][\/et_pb_section][et_pb_section bb_built=&#8220;1&#8243; prev_background_color=&#8220;#000000&#8243;][et_pb_row][et_pb_column type=&#8220;4_4&#8243;][et_pb_testimonial _builder_version=&#8220;3.21.4&#8243; author=&#8220; Zarifi 43 Jahre&#8220; job_title=&#8220;Unternehmerin &#8220; quote_icon_background_color=&#8220;#f5f5f5&#8243; z_index_tablet=&#8220;500&#8243;]<\/p>\n<p><img loading=\"lazy\" decoding=\"async\" class=\"size-medium wp-image-27 alignleft\" src=\"https:\/\/abendrealschule-augsburg.de\/wp-content\/uploads\/2019\/04\/IMG_20170722_204229-300x300.jpg\" alt=\"\" width=\"300\" height=\"300\" srcset=\"https:\/\/abendrealschule-augsburg.de\/wp-content\/uploads\/2019\/04\/IMG_20170722_204229-300x300.jpg 300w, https:\/\/abendrealschule-augsburg.de\/wp-content\/uploads\/2019\/04\/IMG_20170722_204229-150x150.jpg 150w, https:\/\/abendrealschule-augsburg.de\/wp-content\/uploads\/2019\/04\/IMG_20170722_204229.jpg 400w\" sizes=\"(max-width: 300px) 100vw, 300px\" \/>Ein Jahr ist es nun her, als ich an der Abendrealschule mein Realschul-Abschlusszeugnis erhielt:<br \/>Ganz am Anfang dachte ich mir, es w\u00e4re unm\u00f6glich! Aber es wurde mir schnell klar, dass ich nicht alleine war.<br \/>In der Schule fand ich schnell Anschluss und es war mir sehr wichtig in unserer Klasse ein Teamgef\u00fchl zu haben.<br \/>Auch die Lehrer\/innen waren f\u00fcr uns da. Mit Engagement, Interesse und auf jeden einzelnen eingehend, vermittelten sie Zuversicht \u2026 du schaffst das.<br \/>Ich spreche portugiesisch als Muttersprache, und konnte in der Schule meine Deutsch-Kenntnisse verbessern. F\u00fcr mich war das ein Privileg.<br \/>Auch in anderen wichtigen F\u00e4chern bietet die Schule die M\u00f6glichkeit, sich als Sch\u00fcler zu verbessern.<br \/>Ich denke, wenn man wirklich sein Ziel erreichen will, ist man an dieser Schule auf dem richtigen Weg<\/p>\n<p>[\/et_pb_testimonial][et_pb_testimonial _builder_version=&#8220;3.21.4&#8243; author=&#8220;Saskia 24 Jahre&#8220; quote_icon_background_color=&#8220;#f5f5f5&#8243; z_index_tablet=&#8220;500&#8243;]<\/p>\n<p><img loading=\"lazy\" decoding=\"async\" class=\"size-medium wp-image-25 alignleft\" src=\"https:\/\/abendrealschule-augsburg.de\/wp-content\/uploads\/2019\/04\/Schumann-300x300.jpg\" alt=\"\" width=\"300\" height=\"300\" srcset=\"https:\/\/abendrealschule-augsburg.de\/wp-content\/uploads\/2019\/04\/Schumann-300x300.jpg 300w, https:\/\/abendrealschule-augsburg.de\/wp-content\/uploads\/2019\/04\/Schumann-150x150.jpg 150w, https:\/\/abendrealschule-augsburg.de\/wp-content\/uploads\/2019\/04\/Schumann.jpg 400w\" sizes=\"(max-width: 300px) 100vw, 300px\" \/>3 harte aber unvergessliche Jahre an der Abendrealschule Augsburg Soll ich \u2013 soll ich nicht? Diese Frage stellte ich mir vor 3 Jahren als es hie\u00df, Abendrealschule und meinen Realschulabschluss zu machen oder nicht. Hallo, ich hei\u00dfe Saskia und bin nun 24 Jahre alt. Nach meiner Ausbildung zur staatlich gepr\u00fcften Sozialbetreuerin kam mir die Frage in den Kopf \u2013 war das alles? Ich informierte mich \u00fcber Weiterbildungs- m\u00f6glichkeiten und wollte meine Ziele verwirklichen und mir selber beweisen, dass mehr in mir steckt und mein Weg noch nicht zu Ende war. Nach langem \u00dcberlegen und nervenaufreibende Stunden mit Pro- und Kontra-Listen entschied ich mich, den Schritt zu wagen und auf die Abendrealschule in Augsburg zu gehen. Nach einem sehr ereignisreichen Infotag an der Schule, wusste ich \u2013 hey, die 3 Jahre werden ein Klacks Fehlanzeige! Nat\u00fcrlich wusste ich, dass es hart werden wird: 40 Stunden die Woche zu arbeiten und neben zu mich jeden Tag dazu motivieren die Schulbank zu dr\u00fccken. Es gab viele Tiefs und Momente in denen ich abends mal lieber zuhause geblieben w\u00e4re. Allerdings haben mich meine Lehrer dazu motiviert zu bleiben und mich mit ihrer wunderbaren Arbeit und dem Umgang mit uns Sch\u00fclern und der Art ihres Unterrichts unterst\u00fctzt. Immer wieder habe ich die Z\u00e4hne zusammengebissen und hatte stets das Ziel, meinen Abschluss zu erreichen. Ich habe es durchgezogen und meinen Abschluss in der Tasche. Viele Unterrichtsstunden und Arbeiten und trotzdem war jeder Abend unterschiedlich und spannend. Jeder Lehrer gibt sein Bestes und versucht den Sch\u00fclern einen abwechslungsreichen und spannenden Unterricht zu gestalten \u2013 und ob man es glaubt oder nicht \u2013 ich hatte Spa\u00df daran! Mir er\u00f6ffnen sich nun neue Wege und M\u00f6glichkeiten und daf\u00fcr bin ich dankbar!<\/p>\n<p>[\/et_pb_testimonial][et_pb_testimonial _builder_version=&#8220;3.21.4&#8243; author=&#8220;Mueen, 26 Jahre&#8220; quote_icon_background_color=&#8220;#f5f5f5&#8243; z_index_tablet=&#8220;500&#8243;]<\/p>\n<p><img loading=\"lazy\" decoding=\"async\" class=\"size-medium wp-image-26 alignleft\" src=\"https:\/\/abendrealschule-augsburg.de\/wp-content\/uploads\/2019\/04\/Mueen-300x300.jpg\" alt=\"\" width=\"300\" height=\"300\" srcset=\"https:\/\/abendrealschule-augsburg.de\/wp-content\/uploads\/2019\/04\/Mueen-300x300.jpg 300w, https:\/\/abendrealschule-augsburg.de\/wp-content\/uploads\/2019\/04\/Mueen-150x150.jpg 150w, https:\/\/abendrealschule-augsburg.de\/wp-content\/uploads\/2019\/04\/Mueen-768x768.jpg 768w, https:\/\/abendrealschule-augsburg.de\/wp-content\/uploads\/2019\/04\/Mueen.jpg 960w\" sizes=\"(max-width: 300px) 100vw, 300px\" \/>Hallo zusammen mein Name ist Mueen Nasrullahi, ich bin 26 Jahre alt und komme aus Afghanistan. Vor f\u00fcnf Jahren kam ich nach Deutschland und zwei Jahre danach habe ich mit der Abendrealschule angefangen und gleichzeitig meine Ausbildung als Kaufmann f\u00fcr B\u00fcromanagement begonnen. Zus\u00e4tzlich bin ich seit Juli 2017 Mitglied des Integrationsbeirats der Stadt Augsburg. Link zum IB siehe unten. Der Unterricht auf der Abend-realschule half mir durch die Ausbildung, da ich in der Schule aktuelle Entwicklungen der Wirtschaft erlernte und diese in meiner Ausbildung anwenden konnte. Die Abendrealschule half mir ebenfalls dabei, meine Sprachkenntnisse aufzubessern, dank der Unterst\u00fctzung der IHK und der Abendrealschule konnte ich Mitte Juli bei meiner abschlie\u00dfenden m\u00fcndlichen Pr\u00fcfung meine Ausbildung beenden und werde als ausgebildeter Kaufmann bei der IHK Schwaben \u00fcbernommen.<\/p>\n<p>[\/et_pb_testimonial][\/et_pb_column][\/et_pb_row][\/et_pb_section]<\/p>\n","protected":false},"excerpt":{"rendered":"<p><div class=\"et_pb_row et_pb_row_0 et_pb_row_empty\">\n\t\t\t\t\n\t\t\t\t\n\t\t\t\t\n\t\t\t\t\n\t\t\t\t\n\t\t\t<\/div> Ein Jahr ist es nun her, als ich an der Abendrealschule mein Realschul-Abschlusszeugnis erhielt:Ganz am Anfang dachte ich mir, es w\u00e4re unm\u00f6glich! Aber es wurde mir schnell klar, dass ich nicht alleine war.In der Schule fand ich schnell Anschluss und es war mir sehr wichtig in unserer Klasse ein Teamgef\u00fchl zu haben.Auch die Lehrer\/innen [&hellip;]<\/p>\n","protected":false},"author":1,"featured_media":0,"parent":0,"menu_order":0,"comment_status":"closed","ping_status":"closed","template":"","meta":{"_et_pb_use_builder":"on","_et_pb_old_content":"","_et_gb_content_width":"","footnotes":""},"class_list":["post-150","page","type-page","status-publish","hentry"],"_links":{"self":[{"href":"https:\/\/abendrealschule-augsburg.de\/index.php?rest_route=\/wp\/v2\/pages\/150"}],"collection":[{"href":"https:\/\/abendrealschule-augsburg.de\/index.php?rest_route=\/wp\/v2\/pages"}],"about":[{"href":"https:\/\/abendrealschule-augsburg.de\/index.php?rest_route=\/wp\/v2\/types\/page"}],"author":[{"embeddable":true,"href":"https:\/\/abendrealschule-augsburg.de\/index.php?rest_route=\/wp\/v2\/users\/1"}],"replies":[{"embeddable":true,"href":"https:\/\/abendrealschule-augsburg.de\/index.php?rest_route=%2Fwp%2Fv2%2Fcomments&post=150"}],"version-history":[{"count":1,"href":"https:\/\/abendrealschule-augsburg.de\/index.php?rest_route=\/wp\/v2\/pages\/150\/revisions"}],"predecessor-version":[{"id":151,"href":"https:\/\/abendrealschule-augsburg.de\/index.php?rest_route=\/wp\/v2\/pages\/150\/revisions\/151"}],"wp:attachment":[{"href":"https:\/\/abendrealschule-augsburg.de\/index.php?rest_route=%2Fwp%2Fv2%2Fmedia&parent=150"}],"curies":[{"name":"wp","href":"https:\/\/api.w.org\/{rel}","templated":true}]}}

Schülererfahrungen

<p>[et_pb_section bb_built=&#8220;1&#8243; fullwidth=&#8220;on&#8220; specialty=&#8220;off&#8220; next_background_color=&#8220;#000000&#8243;][et_pb_fullwidth_image _builder_version=&#8220;3.21.4&#8243; src=&#8220;https://abendrealschule-augsburg.de/wp-content/uploads/2019/04/Schule-5-1-1.jpg&#8220; z_index_tablet=&#8220;500&#8243; /][/et_pb_section][et_pb_section bb_built=&#8220;1&#8243; prev_background_color=&#8220;#000000&#8243;][et_pb_row][et_pb_column type=&#8220;4_4&#8243;][et_pb_testimonial _builder_version=&#8220;3.21.4&#8243; author=&#8220; Zarifi 43 Jahre&#8220; job_title=&#8220;Unternehmerin &#8220; quote_icon_background_color=&#8220;#f5f5f5&#8243; z_index_tablet=&#8220;500&#8243;]</p>
<p><img loading="lazy" decoding="async" class="size-medium wp-image-27 alignleft" src="https://abendrealschule-augsburg.de/wp-content/uploads/2019/04/IMG_20170722_204229-300x300.jpg" alt="" width="300" height="300" srcset="https://abendrealschule-augsburg.de/wp-content/uploads/2019/04/IMG_20170722_204229-300x300.jpg 300w, https://abendrealschule-augsburg.de/wp-content/uploads/2019/04/IMG_20170722_204229-150x150.jpg 150w, https://abendrealschule-augsburg.de/wp-content/uploads/2019/04/IMG_20170722_204229.jpg 400w" sizes="(max-width: 300px) 100vw, 300px" />Ein Jahr ist es nun her, als ich an der Abendrealschule mein Realschul-Abschlusszeugnis erhielt:<br />Ganz am Anfang dachte ich mir, es wäre unmöglich! Aber es wurde mir schnell klar, dass ich nicht alleine war.<br />In der Schule fand ich schnell Anschluss und es war mir sehr wichtig in unserer Klasse ein Teamgefühl zu haben.<br />Auch die Lehrer/innen waren für uns da. Mit Engagement, Interesse und auf jeden einzelnen eingehend, vermittelten sie Zuversicht … du schaffst das.<br />Ich spreche portugiesisch als Muttersprache, und konnte in der Schule meine Deutsch-Kenntnisse verbessern. Für mich war das ein Privileg.<br />Auch in anderen wichtigen Fächern bietet die Schule die Möglichkeit, sich als Schüler zu verbessern.<br />Ich denke, wenn man wirklich sein Ziel erreichen will, ist man an dieser Schule auf dem richtigen Weg</p>
<p>[/et_pb_testimonial][et_pb_testimonial _builder_version=&#8220;3.21.4&#8243; author=&#8220;Saskia 24 Jahre&#8220; quote_icon_background_color=&#8220;#f5f5f5&#8243; z_index_tablet=&#8220;500&#8243;]</p>
<p><img loading="lazy" decoding="async" class="size-medium wp-image-25 alignleft" src="https://abendrealschule-augsburg.de/wp-content/uploads/2019/04/Schumann-300x300.jpg" alt="" width="300" height="300" srcset="https://abendrealschule-augsburg.de/wp-content/uploads/2019/04/Schumann-300x300.jpg 300w, https://abendrealschule-augsburg.de/wp-content/uploads/2019/04/Schumann-150x150.jpg 150w, https://abendrealschule-augsburg.de/wp-content/uploads/2019/04/Schumann.jpg 400w" sizes="(max-width: 300px) 100vw, 300px" />3 harte aber unvergessliche Jahre an der Abendrealschule Augsburg Soll ich – soll ich nicht? Diese Frage stellte ich mir vor 3 Jahren als es hieß, Abendrealschule und meinen Realschulabschluss zu machen oder nicht. Hallo, ich heiße Saskia und bin nun 24 Jahre alt. Nach meiner Ausbildung zur staatlich geprüften Sozialbetreuerin kam mir die Frage in den Kopf – war das alles? Ich informierte mich über Weiterbildungs- möglichkeiten und wollte meine Ziele verwirklichen und mir selber beweisen, dass mehr in mir steckt und mein Weg noch nicht zu Ende war. Nach langem Überlegen und nervenaufreibende Stunden mit Pro- und Kontra-Listen entschied ich mich, den Schritt zu wagen und auf die Abendrealschule in Augsburg zu gehen. Nach einem sehr ereignisreichen Infotag an der Schule, wusste ich – hey, die 3 Jahre werden ein Klacks Fehlanzeige! Natürlich wusste ich, dass es hart werden wird: 40 Stunden die Woche zu arbeiten und neben zu mich jeden Tag dazu motivieren die Schulbank zu drücken. Es gab viele Tiefs und Momente in denen ich abends mal lieber zuhause geblieben wäre. Allerdings haben mich meine Lehrer dazu motiviert zu bleiben und mich mit ihrer wunderbaren Arbeit und dem Umgang mit uns Schülern und der Art ihres Unterrichts unterstützt. Immer wieder habe ich die Zähne zusammengebissen und hatte stets das Ziel, meinen Abschluss zu erreichen. Ich habe es durchgezogen und meinen Abschluss in der Tasche. Viele Unterrichtsstunden und Arbeiten und trotzdem war jeder Abend unterschiedlich und spannend. Jeder Lehrer gibt sein Bestes und versucht den Schülern einen abwechslungsreichen und spannenden Unterricht zu gestalten – und ob man es glaubt oder nicht – ich hatte Spaß daran! Mir eröffnen sich nun neue Wege und Möglichkeiten und dafür bin ich dankbar!</p>
<p>[/et_pb_testimonial][et_pb_testimonial _builder_version=&#8220;3.21.4&#8243; author=&#8220;Mueen, 26 Jahre&#8220; quote_icon_background_color=&#8220;#f5f5f5&#8243; z_index_tablet=&#8220;500&#8243;]</p>
<p><img loading="lazy" decoding="async" class="size-medium wp-image-26 alignleft" src="https://abendrealschule-augsburg.de/wp-content/uploads/2019/04/Mueen-300x300.jpg" alt="" width="300" height="300" srcset="https://abendrealschule-augsburg.de/wp-content/uploads/2019/04/Mueen-300x300.jpg 300w, https://abendrealschule-augsburg.de/wp-content/uploads/2019/04/Mueen-150x150.jpg 150w, https://abendrealschule-augsburg.de/wp-content/uploads/2019/04/Mueen-768x768.jpg 768w, https://abendrealschule-augsburg.de/wp-content/uploads/2019/04/Mueen.jpg 960w" sizes="(max-width: 300px) 100vw, 300px" />Hallo zusammen mein Name ist Mueen Nasrullahi, ich bin 26 Jahre alt und komme aus Afghanistan. Vor fünf Jahren kam ich nach Deutschland und zwei Jahre danach habe ich mit der Abendrealschule angefangen und gleichzeitig meine Ausbildung als Kaufmann für Büromanagement begonnen. Zusätzlich bin ich seit Juli 2017 Mitglied des Integrationsbeirats der Stadt Augsburg. Link zum IB siehe unten. Der Unterricht auf der Abend-realschule half mir durch die Ausbildung, da ich in der Schule aktuelle Entwicklungen der Wirtschaft erlernte und diese in meiner Ausbildung anwenden konnte. Die Abendrealschule half mir ebenfalls dabei, meine Sprachkenntnisse aufzubessern, dank der Unterstützung der IHK und der Abendrealschule konnte ich Mitte Juli bei meiner abschließenden mündlichen Prüfung meine Ausbildung beenden und werde als ausgebildeter Kaufmann bei der IHK Schwaben übernommen.</p>
<p>[/et_pb_testimonial][/et_pb_column][/et_pb_row][/et_pb_section]</p>

<p><div class="et_pb_row et_pb_row_0 et_pb_row_empty">
				
				
				
				
				
			</div> Ein Jahr ist es nun her, als ich an der Abendrealschule mein Realschul-Abschlusszeugnis erhielt:Ganz am Anfang dachte ich mir, es wäre unmöglich! Aber es wurde mir schnell klar, dass ich nicht alleine war.In der Schule fand ich schnell Anschluss und es war mir sehr wichtig in unserer Klasse ein Teamgefühl zu haben.Auch die Lehrer/innen [&hellip;]</p>
